{"id":35,"date":"2024-11-10T19:54:09","date_gmt":"2024-11-10T18:54:09","guid":{"rendered":"https:\/\/zofiarybinska.pl\/?page_id=35"},"modified":"2024-11-11T10:06:03","modified_gmt":"2024-11-11T09:06:03","slug":"organizacje-zawodowe","status":"publish","type":"page","link":"https:\/\/zofiarybinska.pl\/?page_id=35","title":{"rendered":"Organizacje zawodowe"},"content":{"rendered":"\n<p><strong>PT TEPIS<\/strong><br>Cz\u0142onek za\u0142o\u017cyciel PT TEPIS, cz\u0142onek ekspert, prezes PT TEPIS w latach \u00a02014-2021; by\u0142y wiceprezes Towarzystwa TEPIS trzech kadencji, sekretarz Kolegium Ekspert\u00f3w, by\u0142a przewodnicz\u0105ca Komisji Rewizyjnej jednej kadencji, cz\u0142onek Kolegium Doskonalenia Zawodowego, przewodnicz\u0105ca Sekcji Angielskiej PT TEPIS do 2014 r.; cz\u0142onek Komitetu Redakcyjnego Kodeksu t\u0142umacza przysi\u0119g\u0142ego 2011 i cz\u0142onek Zespo\u0142u Redaktor\u00f3w Kodeksu zawodowego t\u0142umacza przysi\u0119g\u0142ego (2019);\u00a0wsp\u00f3\u0142organizator akcji doskonalenia zawodowego w ramach dzia\u0142alno\u015bci Towarzystwa TEPIS,\u00a0uczestnik projekt\u00f3w Komisji Europejskiej AVIDICUS I i II, \u00a0EULITA, TRAFUT, LIT Search.<\/p>\n\n\n\n<p><strong>Mi\u0119dzynarodowa Federacja T\u0142umaczy FIT<\/strong><br>wsp\u00f3\u0142przewodnicz\u0105ca i cz\u0142onek Komitetu T\u0142umaczenia S\u0105dowego i Prawniczego Mi\u0119dzynarodowej Federacji T\u0142umaczy FIT w latach 2009-2018.<\/p>\n\n\n\n<p><strong>Europejskie Stowarzyszenie T\u0142umaczy S\u0105dowych EULITA<\/strong><br>wiceprezes w latach 2009-2017.<\/p>\n\n\n\n<p><strong>MOTS<\/strong><br>Cz\u0142onek Komisji Rewizyjnej Mi\u0119dzynarodowej Organizacji Terminologii Specjalistycznej.<\/p>\n","protected":false},"excerpt":{"rendered":"<p>PT TEPISCz\u0142onek za\u0142o\u017cyciel PT TEPIS, cz\u0142onek ekspert, prezes PT TEPIS w latach \u00a02014-2021; by\u0142y wiceprezes Towarzystwa TEPIS trzech kadencji, sekretarz Kolegium Ekspert\u00f3w, by\u0142a przewodnicz\u0105ca Komisji Rewizyjnej jednej kadencji, cz\u0142onek Kolegium Doskonalenia Zawodowego, przewodnicz\u0105ca Sekcji Angielskiej PT TEPIS do 2014 r.; cz\u0142onek Komitetu Redakcyjnego Kodeksu t\u0142umacza przysi\u0119g\u0142ego 2011 i cz\u0142onek Zespo\u0142u Redaktor\u00f3w Kodeksu zawodowego t\u0142umacza przysi\u0119g\u0142ego [&hellip;]<\/p>\n","protected":false},"author":1,"featured_media":0,"parent":0,"menu_order":0,"comment_status":"closed","ping_status":"closed","template":"","meta":{"footnotes":""},"class_list":["post-35","page","type-page","status-publish","hentry"],"yoast_head":"<!-- This site is optimized with the Yoast SEO plugin v27.4 - https:\/\/yoast.com\/product\/yoast-seo-wordpress\/ -->\n<title>Organizacje zawodowe - T\u0141UMACZENIA ZOFIA RYBI\u0143SKA<\/title>\n<meta name=\"robots\" content=\"index, follow, max-snippet:-1, max-image-preview:large, max-video-preview:-1\" \/>\n<link rel=\"canonical\" href=\"https:\/\/zofiarybinska.pl\/?page_id=35\" \/>\n<meta property=\"og:locale\" content=\"en_US\" \/>\n<meta property=\"og:type\" content=\"article\" \/>\n<meta property=\"og:title\" content=\"Organizacje zawodowe - T\u0141UMACZENIA ZOFIA RYBI\u0143SKA\" \/>\n<meta property=\"og:description\" content=\"PT TEPISCz\u0142onek za\u0142o\u017cyciel PT TEPIS, cz\u0142onek ekspert, prezes PT TEPIS w latach \u00a02014-2021; by\u0142y wiceprezes Towarzystwa TEPIS trzech kadencji, sekretarz Kolegium Ekspert\u00f3w, by\u0142a przewodnicz\u0105ca Komisji Rewizyjnej jednej kadencji, cz\u0142onek Kolegium Doskonalenia Zawodowego, przewodnicz\u0105ca Sekcji Angielskiej PT TEPIS do 2014 r.; cz\u0142onek Komitetu Redakcyjnego Kodeksu t\u0142umacza przysi\u0119g\u0142ego 2011 i cz\u0142onek Zespo\u0142u Redaktor\u00f3w Kodeksu zawodowego t\u0142umacza przysi\u0119g\u0142ego [&hellip;]\" \/>\n<meta property=\"og:url\" content=\"https:\/\/zofiarybinska.pl\/?page_id=35\" \/>\n<meta property=\"og:site_name\" content=\"T\u0141UMACZENIA ZOFIA RYBI\u0143SKA\" \/>\n<meta property=\"article:modified_time\" content=\"2024-11-11T09:06:03+00:00\" \/>\n<meta name=\"twitter:card\" content=\"summary_large_image\" \/>\n<meta name=\"twitter:label1\" content=\"Est. reading time\" \/>\n\t<meta name=\"twitter:data1\" content=\"1 minute\" \/>\n<script type=\"application\/ld+json\" class=\"yoast-schema-graph\">{\"@context\":\"https:\\\/\\\/schema.org\",\"@graph\":[{\"@type\":\"WebPage\",\"@id\":\"https:\\\/\\\/zofiarybinska.pl\\\/?page_id=35\",\"url\":\"https:\\\/\\\/zofiarybinska.pl\\\/?page_id=35\",\"name\":\"Organizacje zawodowe - T\u0141UMACZENIA ZOFIA RYBI\u0143SKA\",\"isPartOf\":{\"@id\":\"https:\\\/\\\/zofiarybinska.pl\\\/#website\"},\"datePublished\":\"2024-11-10T18:54:09+00:00\",\"dateModified\":\"2024-11-11T09:06:03+00:00\",\"breadcrumb\":{\"@id\":\"https:\\\/\\\/zofiarybinska.pl\\\/?page_id=35#breadcrumb\"},\"inLanguage\":\"en-US\",\"potentialAction\":[{\"@type\":\"ReadAction\",\"target\":[\"https:\\\/\\\/zofiarybinska.pl\\\/?page_id=35\"]}]},{\"@type\":\"BreadcrumbList\",\"@id\":\"https:\\\/\\\/zofiarybinska.pl\\\/?page_id=35#breadcrumb\",\"itemListElement\":[{\"@type\":\"ListItem\",\"position\":1,\"name\":\"Home\",\"item\":\"https:\\\/\\\/zofiarybinska.pl\\\/\"},{\"@type\":\"ListItem\",\"position\":2,\"name\":\"Organizacje zawodowe\"}]},{\"@type\":\"WebSite\",\"@id\":\"https:\\\/\\\/zofiarybinska.pl\\\/#website\",\"url\":\"https:\\\/\\\/zofiarybinska.pl\\\/\",\"name\":\"T\u0141UMACZENIA ZOFIA RYBI\u0143SKA\",\"description\":\"\",\"potentialAction\":[{\"@type\":\"SearchAction\",\"target\":{\"@type\":\"EntryPoint\",\"urlTemplate\":\"https:\\\/\\\/zofiarybinska.pl\\\/?s={search_term_string}\"},\"query-input\":{\"@type\":\"PropertyValueSpecification\",\"valueRequired\":true,\"valueName\":\"search_term_string\"}}],\"inLanguage\":\"en-US\"}]}<\/script>\n<!-- \/ Yoast SEO plugin. -->","yoast_head_json":{"title":"Organizacje zawodowe - T\u0141UMACZENIA ZOFIA RYBI\u0143SKA","robots":{"index":"index","follow":"follow","max-snippet":"max-snippet:-1","max-image-preview":"max-image-preview:large","max-video-preview":"max-video-preview:-1"},"canonical":"https:\/\/zofiarybinska.pl\/?page_id=35","og_locale":"en_US","og_type":"article","og_title":"Organizacje zawodowe - T\u0141UMACZENIA ZOFIA RYBI\u0143SKA","og_description":"PT TEPISCz\u0142onek za\u0142o\u017cyciel PT TEPIS, cz\u0142onek ekspert, prezes PT TEPIS w latach \u00a02014-2021; by\u0142y wiceprezes Towarzystwa TEPIS trzech kadencji, sekretarz Kolegium Ekspert\u00f3w, by\u0142a przewodnicz\u0105ca Komisji Rewizyjnej jednej kadencji, cz\u0142onek Kolegium Doskonalenia Zawodowego, przewodnicz\u0105ca Sekcji Angielskiej PT TEPIS do 2014 r.; cz\u0142onek Komitetu Redakcyjnego Kodeksu t\u0142umacza przysi\u0119g\u0142ego 2011 i cz\u0142onek Zespo\u0142u Redaktor\u00f3w Kodeksu zawodowego t\u0142umacza przysi\u0119g\u0142ego [&hellip;]","og_url":"https:\/\/zofiarybinska.pl\/?page_id=35","og_site_name":"T\u0141UMACZENIA ZOFIA RYBI\u0143SKA","article_modified_time":"2024-11-11T09:06:03+00:00","twitter_card":"summary_large_image","twitter_misc":{"Est. reading time":"1 minute"},"schema":{"@context":"https:\/\/schema.org","@graph":[{"@type":"WebPage","@id":"https:\/\/zofiarybinska.pl\/?page_id=35","url":"https:\/\/zofiarybinska.pl\/?page_id=35","name":"Organizacje zawodowe - T\u0141UMACZENIA ZOFIA RYBI\u0143SKA","isPartOf":{"@id":"https:\/\/zofiarybinska.pl\/#website"},"datePublished":"2024-11-10T18:54:09+00:00","dateModified":"2024-11-11T09:06:03+00:00","breadcrumb":{"@id":"https:\/\/zofiarybinska.pl\/?page_id=35#breadcrumb"},"inLanguage":"en-US","potentialAction":[{"@type":"ReadAction","target":["https:\/\/zofiarybinska.pl\/?page_id=35"]}]},{"@type":"BreadcrumbList","@id":"https:\/\/zofiarybinska.pl\/?page_id=35#breadcrumb","itemListElement":[{"@type":"ListItem","position":1,"name":"Home","item":"https:\/\/zofiarybinska.pl\/"},{"@type":"ListItem","position":2,"name":"Organizacje zawodowe"}]},{"@type":"WebSite","@id":"https:\/\/zofiarybinska.pl\/#website","url":"https:\/\/zofiarybinska.pl\/","name":"T\u0141UMACZENIA ZOFIA RYBI\u0143SKA","description":"","potentialAction":[{"@type":"SearchAction","target":{"@type":"EntryPoint","urlTemplate":"https:\/\/zofiarybinska.pl\/?s={search_term_string}"},"query-input":{"@type":"PropertyValueSpecification","valueRequired":true,"valueName":"search_term_string"}}],"inLanguage":"en-US"}]}},"_links":{"self":[{"href":"https:\/\/zofiarybinska.pl\/index.php?rest_route=\/wp\/v2\/pages\/35","targetHints":{"allow":["GET"]}}],"collection":[{"href":"https:\/\/zofiarybinska.pl\/index.php?rest_route=\/wp\/v2\/pages"}],"about":[{"href":"https:\/\/zofiarybinska.pl\/index.php?rest_route=\/wp\/v2\/types\/page"}],"author":[{"embeddable":true,"href":"https:\/\/zofiarybinska.pl\/index.php?rest_route=\/wp\/v2\/users\/1"}],"replies":[{"embeddable":true,"href":"https:\/\/zofiarybinska.pl\/index.php?rest_route=%2Fwp%2Fv2%2Fcomments&post=35"}],"version-history":[{"count":1,"href":"https:\/\/zofiarybinska.pl\/index.php?rest_route=\/wp\/v2\/pages\/35\/revisions"}],"predecessor-version":[{"id":36,"href":"https:\/\/zofiarybinska.pl\/index.php?rest_route=\/wp\/v2\/pages\/35\/revisions\/36"}],"wp:attachment":[{"href":"https:\/\/zofiarybinska.pl\/index.php?rest_route=%2Fwp%2Fv2%2Fmedia&parent=35"}],"curies":[{"name":"wp","href":"https:\/\/api.w.org\/{rel}","templated":true}]}}